What is the tens digit of a?
1
Let b(c) = -c**3 + c**2 - c. Let p(d) = -7*d**3 + 7*d**2 - 6*d + 4. Let u(y) = -6*b(y) + p(y). What is the tens digit of u(-2)?
1
What is the units digit of (432/42)/((-2)/(-42))?
6
Suppose 4*g = 7*g - 6. Let j(i) = -2*i**3 - 2*i**2 + 1. Let f(l) = 2*l**3 + 2*l**2 - l. Let q(h) = 3*f(h) + 2*j(h). What is the units digit of q(g)?
0
Let v(o) = -4*o**3 + 3*o**2 - 11*o + 2. What is the units digit of v(-5)?
2
Suppose 0 = 2*w + 2*p - 978, -2*w + 5*p - 8*p + 981 = 0. Suppose 0 = -18*r + 15*r + w. What is the units digit of r?
2
Suppose -15*h - 24928 = -34*h. What is the tens digit of h?
1
Suppose -592 = -7*c + 4007. Let q = c + -451. What is the units digit of q?
6
Let t be 10*(3 + (-65)/25). Suppose 3*a + 5*c - 336 = -38, c = -t. What is the hundreds digit of a?
1
Suppose g = 3*h + 1, -5*g + 4*h - 14 + 41 = 0. Suppose -5*y - 3*q + 0 = -g, 5*y = -5*q + 5. What is the units digit of (19 - 2)*(3 - y)?
7
Suppose l = o + 10, 0*l = -2*l + 3*o + 25. Suppose -5*d + 2*d + l*y = -225, 15 = 5*y. What is the tens digit of d?
8
Let y = 632 - 187. What is the units digit of y?
5
Suppose -3*j - 2*j + 4*j = 0. Suppose j = -g - 2*n + 141, 3*g - 665 = -2*g - 2*n. What is the hundreds digit of g?
1
Let k(d) = -d**3 + 5*d**2 - 6*d + 3. Let q be k(3). Suppose q*x + 0*v + 2*v - 401 = 0, 681 = 5*x - 3*v. What is the hundreds digit of x?
1
Let v(y) = 2*y**3 + 4*y**2 + 2*y - 2. Let m be v(-2). What is the units digit of m*(4 - 200/15)?
6
Let t(m) = -171*m**3 - 2*m**2 - m - 2. What is the hundreds digit of t(-2)?
3
Let r = 36 + -34. Let h be (-154)/(-33)*(-3)/r. Let p(q) = -5*q + 2. What is the units digit of p(h)?
7
Let u(f) = 2*f**2 + 13*f + 77. What is the hundreds digit of u(-12)?
2
Suppose -113*j = -66*j - 88595. What is the units digit of j?
5
Let z be 3 + -3*(-124)/12. Suppose 0 = 3*x - 2*v - z, v + 47 = 4*x - 0*v. What is the tens digit of x?
1
Let f(q) = 4*q - q - 2*q + 218 - 219. What is the units digit of f(5)?
4
Let u be -9*(-11)/4 + (-3)/4. Let k = 155 - u. What is the hundreds digit of k?
1
What is the hundreds digit of (7 - (-3879)/27)*12?
8
Suppose 3*u + 3*p + 9 = 0, 2*u + 14 = -0*u + 2*p. Let x(b) = b + 7. Let g be x(u). Suppose -5*z + 32 = a, g*a + 3*z + 36 = 6*a. What is the tens digit of a?
1
Let s be ((-12)/(-21))/(8/28). Suppose -s*n = 3*y - 70, -y - n + 30 = -2*n. What is the tens digit of y?
2
Let s(c) = -14*c + 4. Let k(f) = -f - 1. Let v(u) = -2*k(u) + s(u). What is the tens digit of v(-5)?
6
Let j be (-10)/15*-3*1. Let y(h) = 11*h + 4. What is the units digit of y(j)?
6
Let z(h) = -3*h**3 - 14*h**2 + 2*h - 503. Let c(j) = j**3 + 5*j**2 - j + 168. Let l(y) = -8*c(y) - 3*z(y). What is the tens digit of l(0)?
6
Suppose -c + 3*c = -4. Let x be c/((-2)/3)*-1. What is the tens digit of (1/(-2))/(x/114)?
1
Let d(o) = 3*o**2 - 5*o + 4. Let t be d(2). What is the tens digit of (0 + 9/6)*344/t?
8
Let b(h) = -h - 3. Let f be b(-5). Suppose -32 = 2*u - 5*u + x, -f*x + 36 = 4*u. Suppose 23*w - 18*w - u = 0. What is the units digit of w?
2
Suppose 35*c - 8*c - 12825 = 0. What is the hundreds digit of c?
4
Let u be (7/((-42)/12))/((-2)/(-16)). Let n(m) = m**3 + 19*m**2 + 47*m + 3. What is the tens digit of n(u)?
1
Let c(r) = -3*r**3 - 4*r**2 - 3*r - 2. Let h be c(-2). Suppose -d + h = 2*d. What is the units digit of (-6)/d - 57/(-6)?
8
Suppose 5*o = -4*v + 93, 40 = 2*o - 3*v + 6*v. Let u = 16 - o. Let g = u + 14. What is the tens digit of g?
1
Suppose -2*q = 5*c - 2459, 5893 - 1000 = 4*q + 5*c. What is the units digit of q?
7
Suppose 48*x + 1228 = 52*x. What is the units digit of x?
7
Let a(t) = 9*t**3 + 4*t**2 + 2*t + 8. What is the thousands digit of a(5)?
1
Suppose -21*z + 15 = -16*z. Suppose -2*d + 0*b + 5*b + 164 = 0, -3*d = z*b - 225. What is the tens digit of d?
7
Let o = 29 + -27. Let r = o - -19. What is the units digit of r?
1
Let x = 1189 + -697. Suppose -6*v = -10*v + x. What is the units digit of v?
3
Suppose -25*c + 39444 = 13*c. What is the units digit of c?
8
Let z be 102/10 + ((-24)/(-20))/(-6). Suppose -164 = -2*x - z. What is the tens digit of x?
7
Let l be (-6)/9 + 2/3. Suppose l = 5*m - 4*m. Suppose 4*w = -0*p + 5*p + 54, -4*w - p + 42 = m. What is the units digit of w?
1
Suppose 0 = f - 5, -4*f = -3*c - 3 - 5. What is the tens digit of -1*c*(-136)/32?
1
Let h be 78/(-12) - -2*1/4. What is the units digit of (-277)/h + 3 + (-38)/12?
6
Suppose 0 = 5*b - 1248 - 427. What is the tens digit of b?
3
Let h = -11 - -260. What is the hundreds digit of h?
2
Let g be 0 + 4/(-3) - (-4900)/30. Let a = -21 + g. What is the units digit of a?
1
Suppose j = -5*w + 168, 3*w + w - 126 = 2*j. Suppose 0 = 2*p - 3*m - 19, 5*p + 5*m - w - 2 = 0. What is the units digit of p?
8
Suppose 2726 = 5*c - 4*l, -3*c + 521 = -5*l - 1112. What is the tens digit of c?
4
Let n be (0/(-2 + 10))/(1*2). Suppose n = 41*p - 48*p + 301. What is the units digit of p?
3
Suppose 2*r - 3*k - 43 - 10 = 0, 4*r - 51 = -5*k. Let b = 192 - r. What is the units digit of b?
3
Suppose -5*v = -2*u - 4965, -3*v = -u - 1364 - 1616. What is the tens digit of v?
9
Let t(k) = k**2 - 3*k + 2. Let o(n) = -2*n + 4. Let j be o(-1). What is the tens digit of t(j)?
2
Let t be (0 + -5)*123/5. Let z = -13 - t. Let b = 168 - z. What is the units digit of b?
8
Let w(v) = -58*v + 4. Suppose 4*c = -2*z + 8, -5*z + 0 = -c + 13. Let q be w(z). What is the units digit of q/(-4)*2/(-4)?
5
Let x be (-12)/2*3/2. Let z(g) = g**2 + 22*g - 2. Let k(q) = -q**2 - 21*q + 2. Let f(c) = 7*k(c) + 6*z(c). What is the tens digit of f(x)?
5
What is the hundreds digit of 3/4 - (-3651)/12?
3
Suppose -13*j = -3334 - 4180. What is the units digit of j?
8
Suppose 16*s + 7*s - 9108 = 0. What is the tens digit of s?
9
Let b = 27 + -11. Suppose -h + b = h. What is the units digit of h?
8
Let a be 226/(-3)*(-3 + 9/(-6)). Suppose 0 = -3*h + a - 6. What is the hundreds digit of h?
1
Let l be -12*(-2 - 2/(-3)). Let z = -4 - -10. Let b = l - z. What is the tens digit of b?
1
Suppose 4*n = 6 + 106. Suppose -5*h + 3*h - s = -4, -n = -4*h + 3*s. What is the tens digit of -1 - (-2 + h) - -30?
2
Let n = -58 + 63. Suppose -726 = -z - n*z. What is the tens digit of z?
2
Suppose -4*q + 16 = 2*y, -2*q + y = 4*y - 8. Suppose 5*p - q*m - 25 + 6 = 0, -5*m - 5 = 0. Suppose 5 = p*i - 16. What is the units digit of i?
7
Suppose 3*q + 48 = -2*h + 3, 5*q + 75 = h. Let d be -2 - -3 - q/5. Suppose i + 3*c = -0 + 2, 48 = d*i + 2*c. What is the units digit of i?
4
Let y(q) = q - 1. Let g(i) = 17*i + 3. Let c(w) = -g(w) - 6*y(w). What is the tens digit of c(-12)?
7
Suppose 0 = 4*y + 2*m - 36, -3*y + 13 + 21 = 5*m. Let f = y + 186. What is the tens digit of f?
9
Let q(r) = -r**3 + 10*r**2 + 3*r - 11. Let a be q(5). Let y = a + -23. What is the units digit of y?
6
Suppose 5*f + 20 = -2*j - 3*j, 0 = 4*f + j + 10. Let t be (7 + -10)*(-3 - f). Suppose 2*n + t*n - 355 = 0. What is the tens digit of n?
7
Suppose c + 16 = 5*c + o, -5*c = 5*o - 20. Let s(w) = 3*w**3 + 2*w**2 - 6*w - 12. What is the tens digit of s(c)?
8
Let h(t) = 4*t**3 + 3*t**2 - 8*t - 25. What is the hundreds digit of h(8)?
1
Let m(y) = -18*y + 19*y - 10 - 4. Let f be m(15). Let n = 27 - f. What is the units digit of n?
6
Let c be (1 + 0)/((-2)/(-22)). Suppose -15*k + 10 = 25. Let l = c + k. What is the tens digit of l?
1
Let b = 134 + 266. What is the hundreds digit of b/2 + (6 - 4)?
2
Let z = 51 + 1576. What is the thousands digit of z?
1
Suppose -20*b + 1 + 79 = 0. What is the units digit of b?
4
Let n be (-4)/26 - 1250/325. Let j(g) = -g**2 - g + 1. Let p(f) = 5*f**2 - 1. Let i(x) = 3*j(x) + p(x). What is the units digit of i(n)?
6
Suppose 100 = 4*l + 3*z, 3*l - 103 = z - 28. What is the units digit of 135 - (10/l + 17/(-5))?
8
Let r = -1 - -3. Let l(i) = 20*i**2 - 4*i + 2. What is the tens digit of l(r)?
7
Suppose -18 = -3*w - 3*s + 6*s, -2 = -3*w - s. Suppose 0*u - 9 = 3*u, -w*u - 11 = -i. Suppose g + i*g - 72 = 0. What is the units digit of g?
2
Let u(w) be the third derivative of 1/8*w**4 - 4/3*w**3 + 0*w + 0 + 2*w**2. What is the tens digit of u(6)?
1
Let x(v) be the third derivative of 2*v**2 - 1/24*v**4 + 0*v + 0 + 3*v**3. What is the units digit of x(-9)?
7
Let v(o) = -2*o + 9. Let n(i) = -22 - i + 4*i + 14. Let g(u) = 4*n(u) + 5*v(u). What is the tens di